+ 35*c + 57. What is the ten thousands digit of j(26)?
1
Let g be 2624/6 + 4*(-6)/72. Let o = g - 194. What is the units digit of o?
3
Suppose 2*u + 4*r - 26308 = 0, 2*u - 26296 = -52*r + 54*r. What is the thousands digit of u?
3
Let x(z) = 25*z**2 - 66*z - 448. What is the tens digit of x(-13)?
3
Suppose 4*q + 2*x - 137226 = 0, -q + 29748 = 4*x - 4548. What is the thousands digit of q?
4
Suppose 3*x + 2 = 5*s + 18, -2*x - 4*s = 26. Let o be 2 + x + 4/1. Suppose -2*n + 71 = 2*k - 27, o*n = -9. What is the units digit of k?
2
Suppose n - 12 = 4. Suppose 3*s = -j + n, 0 = -3*s - 3*j + 7*j - 4. What is the units digit of 274/s - (-2)/4?
9
Let k(h) = 3644*h - 1346. What is the thousands digit of k(3)?
9
Suppose -2*c + 5*c - 15 = 0. Let g = -2350 + 2355. Suppose -5*q = -c, -430 - 381 = -g*w - q. What is the units digit of w?
2
Suppose -x = 300 + 263. Let m = 1682 + x. What is the tens digit of m?
1
Let x be (-3)/(-2)*(-7512)/(-36). Let n = -181 + x. What is the tens digit of n?
3
Let l(q) = q**3 - 8*q**2 + 8*q - 1. Let h be l(7). Suppose -h*g = -3 - 9. What is the units digit of (7 - 0 - g) + 2*1?
7
Let f = 571 - 301. Let g = f + 241. What is the units digit of g?
1
Suppose 120 = -2*h + 8*h. Suppose h*f - 15 = 15*f. Suppose -2*s - 1 = f, -3*s + 92 = c. What is the units digit of c?
8
Let j = -73872 - -141416. What is the units digit of j?
4
Let g be (-108)/(-20) - (-18)/30. What is the tens digit of 909 + -1 - 0*2/g?
0
Suppose 3*y - 7 = -k, 2*y - 23 = -y - 5*k. What is the units digit of (y/((-3)/438))/((-3)/6)?
2
Let s be -1*426/(-4)*(-8)/(-6). What is the units digit of s/(((-4)/50)/(1/(-5)))?
5
Let d be ((-3)/9)/(8/456). What is the tens digit of 1606/4 - ((-209)/(-22))/d?
0
Let y(o) = o + 8. Let b be y(-5). Let a be (-1)/(b + -2) + -3. What is the units digit of (-5)/(177/45 + a)?
5
Let h be ((-90)/36)/(10/(-16)). Suppose -j + k - 2*k + 253 = 0, 0 = -2*k - h. What is the units digit of j?
5
Let o = -775 - -478. Let c = 62 - o. What is the units digit of c?
9
Let a be 4/(-10) - 6336/(-40). Let f = 442 - a. Suppose -5*z + 2*t + 337 = 0, 0*t + 2*t = -4*z + f. What is the tens digit of z?
6
Suppose -31 = -5*v - 2*j, 3*j = -3*v + 89 - 65. Suppose 0 = 4*z - v*f - 4377, 36*f - 4337 = -4*z + 33*f. What is the thousands digit of z?
1
Suppose -26 = 9*m + 1. Let y be 3 - -2 - (-9)/m - 2. Suppose 25*g - 22*g - 402 = y. What is the tens digit of g?
3
Let n(u) = 658*u**2 - 34*u + 205. What is the ten thousands digit of n(7)?
3
Let p(c) = -21*c - 91. Let g be p(-5). Suppose -g*n + 4054 = -7734. What is the tens digit of n?
4
Let i = -23 + 12. Let z be (-18)/8*(3 - 15). Let v = z + i. What is the tens digit of v?
1
Let s(f) = -34*f - 56. Suppose 84*y + 420 = 77*y. What is the thousands digit of s(y)?
1
Let k = 55 + -50. Suppose 2931 = 69*a - 66*a + 4*t, k*t = 0. What is the hundreds digit of a?
9
Let o(j) = 2*j - 28. Let x be o(-8). Let b = 250 + x. What is the units digit of b?
6
Let k = -873 + 1567. Suppose -4*f - 26 + k = 0. What is the hundreds digit of f?
1
Let v(f) = -f**3 - 15*f**2 + 40*f + 27. What is the thousands digit of v(-35)?
3
Let c be (3 - 2)*(-161 + -8)*-46. Suppose 6*i + 20*i = c. What is the units digit of i?
9
Let p be 7 + (-30216)/10 + 8/(-20). Let o = -1788 - p. What is the units digit of o?
7
Suppose -4*v - 92685 = -22*v + 42243. What is the thousands digit of v?
7
Suppose -3 = 5*v - 13. Suppose -3*i = 12, 3*y = i - 5*i - 1. Suppose 276 = y*u - 2*q, -5*u + 365 - 101 = v*q. What is the tens digit of u?
5
Let b(r) = 62*r + 8418. What is the thousands digit of b(-35)?
6
Let k be (-1 + 0)*2*-37. Let f = -59 + k. What is the units digit of ((-147)/6)/(-3 - f/(-6))?
9
Suppose -3*w + 3*u - 618 = -u, 4*w + u = -805. Let j = w - -387. Let q = -81 + j. What is the units digit of q?
4
Let f be 1772*18/24 - 1*4. Suppose 0 = 5*v + 95 - f. Suppose 2694 = 16*z + v. What is the units digit of z?
3
Let t(s) = 9*s**2 - 406*s + 548. What is the thousands digit of t(86)?
2
Let s be (-108537)/4 - (-12)/(-16) - -3. What is the hundreds digit of 1*4/3*s/(-136)?
2
Let z be 114/8 + (-2)/8. Let x(q) = -3*q + 50. Let u be x(16). What is the hundreds digit of u/7 - (-1424)/z?
1
Let i(u) = 16*u**2 - 41*u**2 + 12*u**2 + 3*u**3 + 3*u + 22. Let w(v) = 2*v**3 - 12*v**2 + 4*v + 21. Let t(s) = 3*i(s) - 4*w(s). What is the tens digit of t(-8)?
0
Let o(g) = 384*g**2 + 3*g - 7. Let a be o(4). Suppose -l - 12*l = -a. What is the tens digit of l?
7
Let r(q) = -q**3 - 7*q**2 + 7*q + 9. Let t be r(-8). Let n = t + -15. Suppose -84 - 96 = -n*b. What is the units digit of b?
0
Suppose -5*r = -3*q + 22357, 0 = 350*r - 352*r + 8. What is the tens digit of q?
5
Let w(g) = -12*g - 5. Let d be w(-2). Suppose -18*v - 6 = -d*v. Let h(u) = -u**3 + 11*u**2 - 16*u + 1. What is the units digit of h(v)?
5
Let z be 66/4*16/(8 + -4). Let h = z - -39. Let s = -14 + h. What is the tens digit of s?
9
Suppose 68*p = 433543 + 1280397. What is the ten thousands digit of p?
2
Let m(z) be the first derivative of 2*z**3/3 - 4*z**2 - 26*z - 14. Let b(s) = -2*s - 19. Let d be b(-15). What is the tens digit of m(d)?
2
Let o(i) = i**3 - 9*i**2 + 6*i + 8. Let v be o(10). Suppose 4*f - v = 504. What is the units digit of f?
8
Let w(x) = -x**3 - 17*x**2 + 56*x + 52. What is the tens digit of w(-32)?
2
Suppose -2*y - 32 = -3*p - 3*y, -3*y + 15 = 0. Suppose -p*z + 1622 = -1069. What is the hundreds digit of z?
2
Suppose 69*w = 57*w + 21912. Let s = w - 300. What is the units digit of s?
6
Suppose 282*a - 8080 = 274*a. Suppose -2*j + 2818 = 4*o, -3*o - 5*j + 1121 = -a. What is the tens digit of o?
0
Suppose 62*n - 3*n - 37527 = 1101291. What is the ten thousands digit of n?
1
Suppose 2*k - 432 = 682. What is the tens digit of k?
5
Let g(s) be the first derivative of s**4/4 - 14*s**3/3 - 4*s**2 + 11*s + 2. Suppose -4*j + 63 = -b, 4*j + 12 = 5*j + b. What is the hundreds digit of g(j)?
1
Let w(k) = -k**3 + k**2 + k. Let v(i) = -2*i**3 + 19*i**2 + 10*i + 4. Let j(n) = -v(n) + 4*w(n). What is the units digit of j(-8)?
8
Let m(l) = l**3 - 7*l**2 + 5*l + 8. Let g be m(6). Suppose -g*w + 136 - 16 = 4*c, 2*c + 312 = 5*w. What is the tens digit of w?
6
Suppose -u + 1 = -f, 2 = -3*u + f - 1. Let k be ((-12)/(-20))/(9/(-5) - u). Suppose -173 = -k*s + s + v, 70 = s + 5*v. What is the units digit of s?
5
Let l(b) = 17*b**2 - 5*b. Let t be l(2). Suppose o + t = 3*o. Let d = -27 + o. What is the units digit of d?
2
Let i(m) = 147*m + 3. Suppose 0 = -37*r + 36*r + 4. What is the tens digit of i(r)?
9
Suppose -4*k + 6128 = -3*h, 6*k - 3*h + 1517 = 7*k. What is the tens digit of k?
2
Let a(n) be the second derivative of n**5/20 + n**4/3 + n**3/3 - n**2/2 - 2*n. Let t be a(-3). Suppose 58 + 6 = t*g. What is the units digit of g?
2
What is the hundreds digit of ((-45)/(-4))/(27/86616)?
0
Let f(z) = -7*z - 33. Suppose -2*i - 25 = -15. Let l be f(i). Suppose -3*h - 7 = 5, -100 = -l*r + 4*h. What is the units digit of r?
2
Let m be 64/30 + (-4)/30. Suppose 0*l - 3*g = -m*l + 2325, -5*l = 5*g - 5775. What is the thousands digit of l?
1
Let h(u) = -482 + 504 + 2*u**2 - 3*u**2 - 51*u. What is the units digit of h(-11)?
2
Let y(s) = 3*s**2 + 23*s + 15. Let f(q) = 3*q**2 + 17*q - 16. Let h be f(-6). What is the units digit of y(h)?
5
Suppose -486 + 1498 = -4*s + 4*k, -s + 3*k - 259 = 0. Let f be (s/(-4))/(7/(-14)). Let t = -67 - f. What is the tens digit of t?
5
Let z(d) = -d**3 - 4*d**2 - 4*d + 9. Let x be z(-6). Let w = 175 - x. Suppose 4*t + 10 = w. What is the tens digit of t?
1
Let l = -27395 - -38519. What is the thousands digit of l?
1
Suppose -l = 2, -2*t + 1006 = 56*l - 54*l. Suppose -t*i = -498*i - 10388. What is the tens digit of i?
8
Suppose 521*g - 537*g = -27728. What is the hundreds digit of g?
7
Let d be (-34)/153 + (2 - (-2054)/9). Let h = d - -11. What is the units digit of h?
1
Suppose -2*y - 5*d = 1094, 3*y + 1933 = -3*d + 310. Let a = -424 - y. What is the units digit of a?
3
Let x(m) = -4 + 25*m**2 + 1 + 0 + 2*m - 2*m**2. Let f be (-6)/(3*(-5)/(-1 - -6)). What is the units digit of x(f)?
3
Suppose -m = 3*i - 4820, -5*m + 15510 = -i - 8542. What is the hundreds digit of m?
8
Let z be 2 - ((-15)/4)/((-21)/56). Let m be ((-42)/(-28))/(6/z). What is the units digit of (-5 - -45) + 2 - (-2)/m?
1
Suppose q + 17 - 6 = 0.